{"id":920,"date":"2013-02-27T10:51:21","date_gmt":"2013-02-27T09:51:21","guid":{"rendered":"http:\/\/inprompt.service.tu-berlin.de\/wordMOSAIC\/?page_id=920"},"modified":"2023-08-05T20:36:22","modified_gmt":"2023-08-05T19:36:22","slug":"impressum-2","status":"publish","type":"page","link":"https:\/\/mosaic-modeling.de\/?page_id=920","title":{"rendered":"Impressum"},"content":{"rendered":"<div id=\"ez-toc-container\" class=\"ez-toc-v2_0_82_2 counter-hierarchy ez-toc-counter ez-toc-custom ez-toc-container-direction\">\n<div class=\"ez-toc-title-container\">\n<p class=\"ez-toc-title\" style=\"cursor:inherit\">On this page<\/p>\n<span class=\"ez-toc-title-toggle\"><a href=\"#\" class=\"ez-toc-pull-right ez-toc-btn ez-toc-btn-xs ez-toc-btn-default ez-toc-toggle\" aria-label=\"Toggle Table of Content\"><span class=\"ez-toc-js-icon-con\"><span class=\"\"><span class=\"eztoc-hide\" style=\"display:none;\">Toggle<\/span><span class=\"ez-toc-icon-toggle-span\"><svg style=\"fill: #999;color:#999\" xmlns=\"http:\/\/www.w3.org\/2000\/svg\" class=\"list-377408\" width=\"20px\" height=\"20px\" viewBox=\"0 0 24 24\" fill=\"none\"><path d=\"M6 6H4v2h2V6zm14 0H8v2h12V6zM4 11h2v2H4v-2zm16 0H8v2h12v-2zM4 16h2v2H4v-2zm16 0H8v2h12v-2z\" fill=\"currentColor\"><\/path><\/svg><svg style=\"fill: #999;color:#999\" class=\"arrow-unsorted-368013\" xmlns=\"http:\/\/www.w3.org\/2000\/svg\" width=\"10px\" height=\"10px\" viewBox=\"0 0 24 24\" version=\"1.2\" baseProfile=\"tiny\"><path d=\"M18.2 9.3l-6.2-6.3-6.2 6.3c-.2.2-.3.4-.3.7s.1.5.3.7c.2.2.4.3.7.3h11c.3 0 .5-.1.7-.3.2-.2.3-.5.3-.7s-.1-.5-.3-.7zM5.8 14.7l6.2 6.3 6.2-6.3c.2-.2.3-.5.3-.7s-.1-.5-.3-.7c-.2-.2-.4-.3-.7-.3h-11c-.3 0-.5.1-.7.3-.2.2-.3.5-.3.7s.1.5.3.7z\"\/><\/svg><\/span><\/span><\/span><\/a><\/span><\/div>\n<nav><ul class='ez-toc-list ez-toc-list-level-1 ' ><li class='ez-toc-page-1 ez-toc-heading-level-3'><a class=\"ez-toc-link ez-toc-heading-1\" href=\"https:\/\/mosaic-modeling.de\/?page_id=920\/#Haftungsausschuss-Disclaimer\" >Haftungsausschuss (Disclaimer)<\/a><\/li><li class='ez-toc-page-1 ez-toc-heading-level-3'><a class=\"ez-toc-link ez-toc-heading-2\" href=\"https:\/\/mosaic-modeling.de\/?page_id=920\/#Verweise-und-Links\" >Verweise und Links<\/a><\/li><li class='ez-toc-page-1 ez-toc-heading-level-3'><a class=\"ez-toc-link ez-toc-heading-3\" href=\"https:\/\/mosaic-modeling.de\/?page_id=920\/#Urheber-und-Kennzeichenrecht\" >Urheber- und Kennzeichenrecht<\/a><\/li><li class='ez-toc-page-1 ez-toc-heading-level-3'><a class=\"ez-toc-link ez-toc-heading-4\" href=\"https:\/\/mosaic-modeling.de\/?page_id=920\/#Datenschutz\" >Datenschutz<\/a><\/li><li class='ez-toc-page-1 ez-toc-heading-level-3'><a class=\"ez-toc-link ez-toc-heading-5\" href=\"https:\/\/mosaic-modeling.de\/?page_id=920\/#Rechtswirksamkeit-dieses-Haftungsausschlusses\" >Rechtswirksamkeit dieses Haftungsausschlusses<\/a><\/li><\/ul><\/nav><\/div>\n<p><b>Technische Universit\u00e4t Berlin<\/b><\/p>\n<p>Fachgebiet Dynamik und Betrieb technischer Anlagen<br \/>\nSekretariat KWT 9<br \/>\nProf. Dr.-Ing. habil. Jens-Uwe Repke<br \/>\nStra\u00dfe des 17. Juni 135<br \/>\n10623 Berlin<\/p>\n<p>Es gilt das <a href=\"https:\/\/www.tu.berlin\/footer\/impressum\" target=\"_blank\" rel=\"noopener\">Impressum der Technischen Universit\u00e4t Berlin<\/a>.<\/p>\n<h3 class=\"element\"><span class=\"ez-toc-section\" id=\"Haftungsausschuss-Disclaimer\"><\/span>Haftungsausschuss (Disclaimer)<span class=\"ez-toc-section-end\"><\/span><\/h3>\n<div id=\"c10037\" class=\"csc-default\">\n<div class=\"csc-text\">\n<div class=\"element\">\n<div id=\"c10036\" class=\"csc-default\">\n<div class=\"csc-text\">\n<p>Die Inhalte dieser Website werden mit gr\u00f6\u00dftm\u00f6glicher Sorgfalt recherchiert und implementiert. Fehler im Bearbeitungsvorgang sind dennoch nicht auszuschlie\u00dfen. Hinweise und Korrekturen senden Sie bitte an die Pressestelle.<\/p>\n<\/div>\n<\/div>\n<\/div>\n<div class=\"element\">\n<div id=\"c10037\" class=\"csc-default\">\n<div class=\"csc-text\">\n<p>Der Herausgeber \u00fcbernimmt keinerlei Gew\u00e4hr f\u00fcr die Aktualit\u00e4t, Korrektheit, Vollst\u00e4ndigkeit oder Qualit\u00e4t der bereitgestellten Informationen. Haftungsanspr\u00fcche gegen den Herausgeber, welche sich auf Sch\u00e4den materieller oder ideeller Art beziehen, die durch die Nutzung oder Nichtnutzung der dargebotenen Informationen bzw. durch die Nutzung fehlerhafter und unvollst\u00e4ndiger Informationen verursacht wurden, sind grunds\u00e4tzlich ausgeschlossen, sofern seitens des Herausgebers kein nachweislich vors\u00e4tzliches oder grob fahrl\u00e4ssiges Verschulden vorliegt.<\/p>\n<\/div>\n<\/div>\n<\/div>\n<\/div>\n<\/div>\n<div class=\"element\">\n<div id=\"c10038\" class=\"csc-default\">\n<div class=\"csc-text\">\n<p>Alle Angebote sind freibleibend und unverbindlich. Der Herausgeber beh\u00e4lt es sich ausdr\u00fccklich vor, Teile der Seiten oder das gesamte Angebot ohne gesonderte Ank\u00fcndigung zu ver\u00e4ndern, zu erg\u00e4nzen, zu l\u00f6schen oder die Ver\u00f6ffentlichung zeitweise oder endg\u00fcltig einzustellen.<\/p>\n<\/div>\n<\/div>\n<\/div>\n<div class=\"element\">\n<div id=\"c10039\" class=\"csc-default\">\n<h3><span class=\"ez-toc-section\" id=\"Verweise-und-Links\"><\/span>Verweise und Links<span class=\"ez-toc-section-end\"><\/span><\/h3>\n<div class=\"csc-text\">\n<p>Bei direkten oder indirekten Verweisen auf fremde Webseiten (&#8220;Hyperlinks&#8221;), die au\u00dferhalb des Verantwortungsbereiches des Herausgebers liegen, w\u00fcrde eine Haftungsverpflichtung ausschlie\u00dflich in dem Fall in Kraft treten, in dem der Herausgeber von den Inhalten Kenntnis hat und es ihm technisch m\u00f6glich und zumutbar w\u00e4re, die Nutzung im Falle rechtswidriger Inhalte zu verhindern.<\/p>\n<\/div>\n<\/div>\n<\/div>\n<div class=\"element\">\n<div id=\"c10040\" class=\"csc-default\">\n<div class=\"csc-text\">\n<p>Der Herausgeber erkl\u00e4rt hiermit ausdr\u00fccklich, dass zum Zeitpunkt der Linksetzung keine illegalen Inhalte auf den zu verlinkenden Seiten erkennbar waren. Auf die aktuelle und zuk\u00fcnftige Gestaltung, die Inhalte oder die Urheberschaft der verlinkten\/verkn\u00fcpften Seiten hat der Herausgeber keinerlei Einfluss. Deshalb distanziert er sich hiermit ausdr\u00fccklich von allen Inhalten aller verlinkten \/verkn\u00fcpften Seiten, die nach der Linksetzung ver\u00e4ndert wurden. Diese Feststellung gilt f\u00fcr alle innerhalb des eigenen Internetangebotes gesetzten Links und Verweise sowie f\u00fcr Fremdeintr\u00e4ge in vom Autor eingerichteten G\u00e4steb\u00fcchern, Diskussionsforen, Linkverzeichnissen, Mailinglisten und in allen anderen Formen von Datenbanken, auf deren Inhalt externe Schreibzugriffe m\u00f6glich sind. F\u00fcr illegale, fehlerhafte oder unvollst\u00e4ndige Inhalte und insbesondere f\u00fcr Sch\u00e4den, die aus der Nutzung oder Nichtnutzung solcherart dargebotener Informationen entstehen, haftet allein der Anbieter der Seite, auf welche verwiesen wurde, nicht derjenige, der \u00fcber Links auf die jeweilige Ver\u00f6ffentlichung lediglich verweist.<\/p>\n<\/div>\n<\/div>\n<\/div>\n<div class=\"element\">\n<div id=\"c10041\" class=\"csc-default\">\n<h3><span class=\"ez-toc-section\" id=\"Urheber-und-Kennzeichenrecht\"><\/span>Urheber- und Kennzeichenrecht<span class=\"ez-toc-section-end\"><\/span><\/h3>\n<div class=\"csc-text\">\n<p>Der Herausgeber ist bestrebt, in allen Publikationen die Urheberrechte der verwendeten Bilder, Grafiken, Ton- und Videodokumente sowie Texte zu beachten, von ihm selbst erstellte Bilder, Grafiken, Ton- und Videodokumente sowie Texte zu nutzen oder auf lizenzfreie Grafiken, Ton- und Videodokumente sowie Texte zur\u00fcckzugreifen.<\/p>\n<\/div>\n<\/div>\n<\/div>\n<div class=\"element\">\n<div id=\"c10042\" class=\"csc-default\">\n<div class=\"csc-text\">\n<p>Alle innerhalb des Internetangebotes genannten und ggf. durch Dritte gesch\u00fctzten Marken- und Warenzeichen unterliegen uneingeschr\u00e4nkt den Bestimmungen des jeweils g\u00fcltigen Kennzeichenrechts und den Besitzrechten der jeweiligen eingetragenen Eigent\u00fcmer. Allein aufgrund der blo\u00dfen Nennung ist nicht der Schluss zu ziehen, dass Markenzeichen nicht durch Rechte Dritter gesch\u00fctzt sind!<\/p>\n<\/div>\n<\/div>\n<\/div>\n<div class=\"element\">\n<div id=\"c10043\" class=\"csc-default\">\n<div class=\"csc-text\">\n<p>Das Copyright f\u00fcr ver\u00f6ffentlichte, vom Herausgeber selbst erstellte Inhalte und Objekte bleibt allein beim Herausgeber der Seiten. Eine Vervielf\u00e4ltigung, Verarbeitung, <span class=\"text\">Einspeicherung <\/span>oder Verwendung solcher Grafiken, Ton- und Videodokumente sowie Texte in anderen elektronischen oder gedruckten Publikationen ist ohne ausdr\u00fcckliche Zustimmung des Autors nicht gestattet. <span class=\"text\">Unber\u00fchrt davon bleibt das Kopieren und Herunterladen f\u00fcr den privaten, wissenschaftlichen und nicht kommerziellen Gebrauch. Wir erlauben ausdr\u00fccklich und begr\u00fc\u00dfen das Zitieren unserer Dokumente und Webseiten sowie das Setzen von Links auf unsere Website.<\/span><\/p>\n<\/div>\n<\/div>\n<\/div>\n<div class=\"element\">\n<div id=\"c10044\" class=\"csc-default\">\n<h3><span class=\"ez-toc-section\" id=\"Datenschutz\"><\/span>Datenschutz<span class=\"ez-toc-section-end\"><\/span><\/h3>\n<div class=\"csc-text\">\n<p>Sofern innerhalb des Internetangebotes die M\u00f6glichkeit zur Eingabe pers\u00f6nlicher oder gesch\u00e4ftlicher Daten (Emailadressen, Namen, Anschriften) besteht, so erfolgt die Preisgabe dieser Daten seitens des Nutzers auf ausdr\u00fccklich freiwilliger Basis. Die Inanspruchnahme und Bezahlung aller angebotenen Dienste ist &#8211; soweit technisch m\u00f6glich und zumutbar &#8211; auch ohne Angabe solcher Daten bzw. unter Angabe anonymisierter Daten oder eines Pseudonyms gestattet. Die Nutzung der im Rahmen des Impressums oder vergleichbarer Angaben ver\u00f6ffentlichten Kontaktdaten wie Postanschriften, Telefon- und Faxnummern sowie Emailadressen durch Dritte zur \u00dcbersendung von nicht ausdr\u00fccklich angeforderten Informationen ist nicht gestattet. Rechtliche Schritte gegen die Versender von so genannten Spam-Mails bei Verst\u00f6\u00dfen gegen dieses Verbot sind ausdr\u00fccklich vorbehalten.<\/p>\n<\/div>\n<\/div>\n<\/div>\n<div class=\"element\">\n<div id=\"c10045\" class=\"csc-default\">\n<div class=\"csc-text\">\n<p><strong>Weitere Informationen zum Thema Datenschutz an der TU Berlin:<\/strong><\/p>\n<ul>\n<li><a href=\"https:\/\/www.tu.berlin\/datenschutz\/\">Datenschutzerkl\u00e4rung<\/a><\/li>\n<li><a class=\"external-link-new-window\" href=\"https:\/\/www.tu.berlin\/k3\/datenschutz\/ueber-uns\">Datenschutzbeauftragte<\/a><\/li>\n<\/ul>\n<\/div>\n<\/div>\n<\/div>\n<div class=\"element\">\n<div id=\"c10046\" class=\"csc-default\">\n<h3><span class=\"ez-toc-section\" id=\"Rechtswirksamkeit-dieses-Haftungsausschlusses\"><\/span>Rechtswirksamkeit dieses Haftungsausschlusses<span class=\"ez-toc-section-end\"><\/span><\/h3>\n<div class=\"csc-text\">\n<p>Dieser Haftungsausschluss ist als Teil des Internetangebotes zu betrachten, von dem aus auf diese Seite verwiesen wurde. Sofern Teile oder einzelne Formulierungen dieses Textes der geltenden Rechtslage nicht, nicht mehr oder nicht vollst\u00e4ndig entsprechen sollten, bleiben die \u00fcbrigen Teile des Dokumentes in ihrem Inhalt und ihrer G\u00fcltigkeit davon unber\u00fchrt.<\/p>\n<\/div>\n<\/div>\n<\/div>\n","protected":false},"excerpt":{"rendered":"<p>Technische Universit\u00e4t Berlin Fachgebiet Dynamik und Betrieb technischer Anlagen Sekretariat KWT 9 Prof. Dr.-Ing. habil. Jens-Uwe Repke Stra\u00dfe des 17. Juni 135 10623 Berlin Es gilt das Impressum der Technischen Universit\u00e4t Berlin. Haftungsausschuss (Disclaimer) Die Inhalte dieser Website werden mit gr\u00f6\u00dftm\u00f6glicher Sorgfalt recherchiert und implementiert. Fehler im Bearbeitungsvorgang sind dennoch nicht auszuschlie\u00dfen. Hinweise und Korrekturen [&hellip;]<\/p>\n","protected":false},"author":188,"featured_media":0,"parent":4263,"menu_order":4,"comment_status":"closed","ping_status":"closed","template":"","meta":{"footnotes":""},"class_list":["post-920","page","type-page","status-publish","czr-hentry"],"_links":{"self":[{"href":"https:\/\/mosaic-modeling.de\/index.php?rest_route=\/wp\/v2\/pages\/920","targetHints":{"allow":["GET"]}}],"collection":[{"href":"https:\/\/mosaic-modeling.de\/index.php?rest_route=\/wp\/v2\/pages"}],"about":[{"href":"https:\/\/mosaic-modeling.de\/index.php?rest_route=\/wp\/v2\/types\/page"}],"author":[{"embeddable":true,"href":"https:\/\/mosaic-modeling.de\/index.php?rest_route=\/wp\/v2\/users\/188"}],"replies":[{"embeddable":true,"href":"https:\/\/mosaic-modeling.de\/index.php?rest_route=%2Fwp%2Fv2%2Fcomments&post=920"}],"version-history":[{"count":12,"href":"https:\/\/mosaic-modeling.de\/index.php?rest_route=\/wp\/v2\/pages\/920\/revisions"}],"predecessor-version":[{"id":4868,"href":"https:\/\/mosaic-modeling.de\/index.php?rest_route=\/wp\/v2\/pages\/920\/revisions\/4868"}],"up":[{"embeddable":true,"href":"https:\/\/mosaic-modeling.de\/index.php?rest_route=\/wp\/v2\/pages\/4263"}],"wp:attachment":[{"href":"https:\/\/mosaic-modeling.de\/index.php?rest_route=%2Fwp%2Fv2%2Fmedia&parent=920"}],"curies":[{"name":"wp","href":"https:\/\/api.w.org\/{rel}","templated":true}]}}